{"id":23638,"date":"2014-11-13T13:22:00","date_gmt":"2014-11-13T13:22:00","guid":{"rendered":"http:\/\/blueowlcreative.com\/wp\/fortuna_export\/?page_id=2"},"modified":"2022-07-18T17:29:46","modified_gmt":"2022-07-18T17:29:46","slug":"home-page","status":"publish","type":"page","link":"https:\/\/servicplag.com.ec\/web\/","title":{"rendered":"INICIO"},"content":{"rendered":"<p>[vc_row full_width=\u00bbstretch_row_content_no_spaces\u00bb][vc_column]\n\t\t\t<!-- START Home Full Screen Slider REVOLUTION SLIDER 6.2.2 --><p class=\"rs-p-wp-fix\"><\/p>\n\t\t\t<rs-module-wrap id=\"rev_slider_2_1_wrapper\" data-source=\"gallery\" style=\"padding:0;margin:0px auto;margin-top:0;margin-bottom:0;\">\n\t\t\t\t<rs-module id=\"rev_slider_2_1\" style=\"display:none;\" data-version=\"6.2.2\">\n\t\t\t\t\t<rs-slides>\n\t\t\t\t\t\t<rs-slide data-key=\"rs-4\" data-title=\"Welcome\" data-thumb=\"\/\/servicplag.com.ec\/web\/wp-content\/uploads\/2020\/12\/ser2-100x50.jpg\" data-anim=\"ei:d;eo:d;s:800;r:0;t:fade;sl:7;\">\n\t\t\t\t\t\t\t<img loading=\"lazy\" decoding=\"async\" src=\"\/\/servicplag.com.ec\/web\/wp-content\/uploads\/2020\/12\/ser2.jpg\" title=\"ser2\" width=\"1000\" height=\"600\" data-bg=\"p:center top;\" data-parallax=\"1\" class=\"rev-slidebg\" data-no-retina>\n<!--\n\t\t\t\t\t\t\t--><rs-layer\n\t\t\t\t\t\t\t\tid=\"slider-2-slide-4-layer-2\" \n\t\t\t\t\t\t\t\tclass=\"Fortuna_Huge_Title\"\n\t\t\t\t\t\t\t\tdata-type=\"text\"\n\t\t\t\t\t\t\t\tdata-color=\"#fff\"\n\t\t\t\t\t\t\t\tdata-rsp_ch=\"on\"\n\t\t\t\t\t\t\t\tdata-xy=\"x:c;y:c;yo:115px;\"\n\t\t\t\t\t\t\t\tdata-text=\"s:36;l:40;ls:1;fw:500;\"\n\t\t\t\t\t\t\t\tdata-dim=\"minh:0px;\"\n\t\t\t\t\t\t\t\tdata-frame_0=\"y:-50;\"\n\t\t\t\t\t\t\t\tdata-frame_1=\"st:1230;sp:1000;sR:1230;\"\n\t\t\t\t\t\t\t\tdata-frame_999=\"st:w;auto:true;\"\n\t\t\t\t\t\t\t\tstyle=\"z-index:9;font-family:Roboto;\"\n\t\t\t\t\t\t\t>con los recursos naturales y el entorno social \n\t\t\t\t\t\t\t<\/rs-layer><!--\n\n\t\t\t\t\t\t\t--><rs-layer\n\t\t\t\t\t\t\t\tid=\"slider-2-slide-4-layer-29\" \n\t\t\t\t\t\t\t\tclass=\"Fortuna_Huge_Title\"\n\t\t\t\t\t\t\t\tdata-type=\"text\"\n\t\t\t\t\t\t\t\tdata-color=\"#fff\"\n\t\t\t\t\t\t\t\tdata-rsp_ch=\"on\"\n\t\t\t\t\t\t\t\tdata-xy=\"x:c;y:c;yo:65px;\"\n\t\t\t\t\t\t\t\tdata-text=\"s:80;l:90;ls:-1;fw:500;\"\n\t\t\t\t\t\t\t\tdata-dim=\"minh:0px;\"\n\t\t\t\t\t\t\t\tdata-frame_0=\"y:100%;\"\n\t\t\t\t\t\t\t\tdata-frame_0_mask=\"u:t;\"\n\t\t\t\t\t\t\t\tdata-frame_1=\"st:630;sp:1200;sR:630;\"\n\t\t\t\t\t\t\t\tdata-frame_1_mask=\"u:t;\"\n\t\t\t\t\t\t\t\tdata-frame_999=\"st:w;auto:true;\"\n\t\t\t\t\t\t\t\tstyle=\"z-index:10;font-family:Poppins;text-transform:uppercase;\"\n\t\t\t\t\t\t\t>En Armon\u00eda \n\t\t\t\t\t\t\t<\/rs-layer><!--\n\n\t\t\t\t\t\t\t--><rs-layer\n\t\t\t\t\t\t\t\tid=\"slider-2-slide-4-layer-32\" \n\t\t\t\t\t\t\t\tdata-type=\"shape\"\n\t\t\t\t\t\t\t\tdata-rsp_ch=\"on\"\n\t\t\t\t\t\t\t\tdata-text=\"w:normal;\"\n\t\t\t\t\t\t\t\tdata-dim=\"w:100%;h:100%;\"\n\t\t\t\t\t\t\t\tdata-basealign=\"slide\"\n\t\t\t\t\t\t\t\tdata-frame_999=\"o:0;st:w;\"\n\t\t\t\t\t\t\t\tstyle=\"z-index:8;background-color:rgba(0,0,0,0.5);\"\n\t\t\t\t\t\t\t> \n\t\t\t\t\t\t\t<\/rs-layer><!--\n-->\t\t\t\t\t\t<\/rs-slide>\n\t\t\t\t\t\t<rs-slide data-key=\"rs-17\" data-title=\"Welcome\" data-thumb=\"\/\/servicplag.com.ec\/web\/wp-content\/uploads\/2020\/12\/ser1-100x50.jpg\" data-anim=\"ei:d;eo:d;s:800;r:0;t:fade;sl:7;\">\n\t\t\t\t\t\t\t<img loading=\"lazy\" decoding=\"async\" src=\"\/\/servicplag.com.ec\/web\/wp-content\/uploads\/2020\/12\/ser1.jpg\" title=\"ser1\" width=\"1000\" height=\"600\" data-bg=\"p:center top;\" data-parallax=\"1\" class=\"rev-slidebg\" data-no-retina>\n<!--\n\t\t\t\t\t\t\t--><rs-layer\n\t\t\t\t\t\t\t\tid=\"slider-2-slide-17-layer-2\" \n\t\t\t\t\t\t\t\tclass=\"Fortuna_Huge_Title\"\n\t\t\t\t\t\t\t\tdata-type=\"text\"\n\t\t\t\t\t\t\t\tdata-color=\"#fff\"\n\t\t\t\t\t\t\t\tdata-rsp_ch=\"on\"\n\t\t\t\t\t\t\t\tdata-xy=\"x:c;y:c;yo:115px;\"\n\t\t\t\t\t\t\t\tdata-text=\"s:36;l:40;ls:1;fw:500;\"\n\t\t\t\t\t\t\t\tdata-dim=\"minh:0px;\"\n\t\t\t\t\t\t\t\tdata-frame_0=\"y:-50;\"\n\t\t\t\t\t\t\t\tdata-frame_1=\"st:1230;sp:1000;sR:1230;\"\n\t\t\t\t\t\t\t\tdata-frame_999=\"st:w;auto:true;\"\n\t\t\t\t\t\t\t\tstyle=\"z-index:9;font-family:Roboto;\"\n\t\t\t\t\t\t\t>con los recursos naturales y el entorno social \n\t\t\t\t\t\t\t<\/rs-layer><!--\n\n\t\t\t\t\t\t\t--><rs-layer\n\t\t\t\t\t\t\t\tid=\"slider-2-slide-17-layer-29\" \n\t\t\t\t\t\t\t\tclass=\"Fortuna_Huge_Title\"\n\t\t\t\t\t\t\t\tdata-type=\"text\"\n\t\t\t\t\t\t\t\tdata-color=\"#fff\"\n\t\t\t\t\t\t\t\tdata-rsp_ch=\"on\"\n\t\t\t\t\t\t\t\tdata-xy=\"x:c;y:c;yo:65px;\"\n\t\t\t\t\t\t\t\tdata-text=\"s:80;l:90;ls:-1;fw:500;\"\n\t\t\t\t\t\t\t\tdata-dim=\"minh:0px;\"\n\t\t\t\t\t\t\t\tdata-frame_0=\"y:100%;\"\n\t\t\t\t\t\t\t\tdata-frame_0_mask=\"u:t;\"\n\t\t\t\t\t\t\t\tdata-frame_1=\"st:630;sp:1200;sR:630;\"\n\t\t\t\t\t\t\t\tdata-frame_1_mask=\"u:t;\"\n\t\t\t\t\t\t\t\tdata-frame_999=\"st:w;auto:true;\"\n\t\t\t\t\t\t\t\tstyle=\"z-index:10;font-family:Poppins;text-transform:uppercase;\"\n\t\t\t\t\t\t\t>En Armon\u00eda \n\t\t\t\t\t\t\t<\/rs-layer><!--\n\n\t\t\t\t\t\t\t--><rs-layer\n\t\t\t\t\t\t\t\tid=\"slider-2-slide-17-layer-32\" \n\t\t\t\t\t\t\t\tdata-type=\"shape\"\n\t\t\t\t\t\t\t\tdata-rsp_ch=\"on\"\n\t\t\t\t\t\t\t\tdata-text=\"w:normal;\"\n\t\t\t\t\t\t\t\tdata-dim=\"w:100%;h:100%;\"\n\t\t\t\t\t\t\t\tdata-basealign=\"slide\"\n\t\t\t\t\t\t\t\tdata-frame_999=\"o:0;st:w;\"\n\t\t\t\t\t\t\t\tstyle=\"z-index:8;background-color:rgba(0,0,0,0.5);\"\n\t\t\t\t\t\t\t> \n\t\t\t\t\t\t\t<\/rs-layer><!--\n-->\t\t\t\t\t\t<\/rs-slide>\n\t\t\t\t\t<\/rs-slides>\n\t\t\t\t\t<rs-static-layers><!--\n\t\t\t\t\t--><\/rs-static-layers>\n\t\t\t\t\t<rs-progress class=\"rs-bottom\" style=\"height: 5px; background: rgba(0,0,0,0.15);\"><\/rs-progress>\n\t\t\t\t<\/rs-module>\n\t\t\t\t<script type=\"text\/javascript\">\n\t\t\t\t\tsetREVStartSize({c: 'rev_slider_2_1',rl:[1240,1024,778,480],el:[600],gw:[1200],gh:[600],type:'standard',justify:'',layout:'fullwidth',mh:\"0\"});\n\t\t\t\t\tvar\trevapi2,\n\t\t\t\t\t\ttpj;\n\t\t\t\t\tjQuery(function() {\n\t\t\t\t\t\ttpj = jQuery;\n\t\t\t\t\t\ttpj.noConflict();\n\t\t\t\t\t\tif(tpj(\"#rev_slider_2_1\").revolution == undefined){\n\t\t\t\t\t\t\trevslider_showDoubleJqueryError(\"#rev_slider_2_1\");\n\t\t\t\t\t\t}else{\n\t\t\t\t\t\t\trevapi2 = tpj(\"#rev_slider_2_1\").show().revolution({\n\t\t\t\t\t\t\t\tjsFileLocation:\"\/\/servicplag.com.ec\/web\/wp-content\/plugins\/revslider\/public\/assets\/js\/\",\n\t\t\t\t\t\t\t\tsliderLayout:\"fullwidth\",\n\t\t\t\t\t\t\t\tvisibilityLevels:\"1240,1024,778,480\",\n\t\t\t\t\t\t\t\tgridwidth:1200,\n\t\t\t\t\t\t\t\tgridheight:600,\n\t\t\t\t\t\t\t\teditorheight:\"600,768,960,720\",\n\t\t\t\t\t\t\t\tresponsiveLevels:\"1240,1024,778,480\",\n\t\t\t\t\t\t\t\tnavigation: {\n\t\t\t\t\t\t\t\t\tmouseScrollNavigation:false,\n\t\t\t\t\t\t\t\t\ttouch: {\n\t\t\t\t\t\t\t\t\t\ttouchenabled:true,\n\t\t\t\t\t\t\t\t\t\tswipe_threshold:0\n\t\t\t\t\t\t\t\t\t},\n\t\t\t\t\t\t\t\t\tarrows: {\n\t\t\t\t\t\t\t\t\t\tenable:true,\n\t\t\t\t\t\t\t\t\t\tstyle:\"custom\",\n\t\t\t\t\t\t\t\t\t\thide_onleave:true,\n\t\t\t\t\t\t\t\t\t\tleft: {\n\t\t\t\t\t\t\t\t\t\t\th_offset:0\n\t\t\t\t\t\t\t\t\t\t},\n\t\t\t\t\t\t\t\t\t\tright: {\n\t\t\t\t\t\t\t\t\t\t\th_offset:0\n\t\t\t\t\t\t\t\t\t\t}\n\t\t\t\t\t\t\t\t\t}\n\t\t\t\t\t\t\t\t},\n\t\t\t\t\t\t\t\tparallax: {\n\t\t\t\t\t\t\t\t\tlevels:[5,10,15,20,25,30,35,40,45,50,47,48,49,50,51,30],\n\t\t\t\t\t\t\t\t\ttype:\"scroll\"\n\t\t\t\t\t\t\t\t},\n\t\t\t\t\t\t\t\tfallbacks: {\n\t\t\t\t\t\t\t\t\tignoreHeightChanges:\"\",\n\t\t\t\t\t\t\t\t\tallowHTML5AutoPlayOnAndroid:true\n\t\t\t\t\t\t\t\t},\n\t\t\t\t\t\t\t});\n\t\t\t\t\t\t\tjQuery(window).on('scroll',function() {\n    var wh = jQuery(this).height();\n  \tjQuery('.tp-parallax-container').each(function() {\n        var layer = jQuery(this);\n    \tvar po = Math.abs(layer.data('parallaxoffset'));  \n        po = po - 20;\n        if (po<0) po = 0;\n        po = 1 - (po \/ 100);  \n        \/\/ Set the value -> po \/ 90)  higher to make a slower Fade Out, \n        \/\/and set it lower to make a quicker fade out.       \n        punchgs.TweenLite.to(layer,0.2,{opacity:po});\n  });\n});\n\t\t\t\t\t\t}\n\t\t\t\t\t\t\n\t\t\t\t\t});\n\t\t\t\t<\/script>\n\t\t\t\t<script>\n\t\t\t\t\tvar htmlDivCss = unescape(\".tp-bannertimer%20%7B%0A%09background%3A%20rgba%280%2C0%2C0%2C0.3%29%3B%0A%7D%0A.tparrows.preview4%2C.tparrows.preview4%3Aafter%20%7B%0A%09width%3A%2060px%3B%0A%7D%0A.tp-leftarrow.preview4%3Aafter%7B%20%0A%20%20%20%20border-radius%3A%200%204px%204px%200%3B%0A%7D%0A.tp-rightarrow.preview4%3Aafter%7B%20%0A%20%20%20%20border-radius%3A%204px%200%200%204px%3B%0A%7D%0A.tparrows.preview4%20.tp-arr-allwrapper%20%7B%0A%09left%3A%20-120px%3B%0A%7D%0A.tp-leftarrow.preview4%20.tp-arr-allwrapper%20%7B%0A%09left%3A%200px%3B%0A%7D\");\n\t\t\t\t\tvar htmlDiv = document.getElementById('rs-plugin-settings-inline-css');\n\t\t\t\t\tif(htmlDiv) {\n\t\t\t\t\t\thtmlDiv.innerHTML = htmlDiv.innerHTML + htmlDivCss;\n\t\t\t\t\t}else{\n\t\t\t\t\t\tvar htmlDiv = document.createElement('div');\n\t\t\t\t\t\thtmlDiv.innerHTML = '<style>' + htmlDivCss + '<\/style>';\n\t\t\t\t\t\tdocument.getElementsByTagName('head')[0].appendChild(htmlDiv.childNodes[0]);\n\t\t\t\t\t}\n\t\t\t\t<\/script>\n\t\t\t\t<script>\n\t\t\t\t\tvar htmlDivCss = unescape(\"%23rev_slider_2_1_wrapper%20.custom.tparrows%20%7B%0A%09cursor%3Apointer%3B%0A%09background%3A%23000%3B%0A%09background%3Argba%280%2C0%2C0%2C0.5%29%3B%0A%09width%3A40px%3B%0A%09height%3A40px%3B%0A%09position%3Aabsolute%3B%0A%09display%3Ablock%3B%0A%09z-index%3A1000%3B%0A%7D%0A%23rev_slider_2_1_wrapper%20.custom.tparrows%3Ahover%20%7B%0A%09background%3A%23000%3B%0A%7D%0A%23rev_slider_2_1_wrapper%20.custom.tparrows%3Abefore%20%7B%0A%09font-family%3A%20%27revicons%27%3B%0A%09font-size%3A15px%3B%0A%09color%3A%23fff%3B%0A%09display%3Ablock%3B%0A%09line-height%3A%2040px%3B%0A%09text-align%3A%20center%3B%0A%7D%0A%23rev_slider_2_1_wrapper%20.custom.tparrows.tp-leftarrow%3Abefore%20%7B%0A%09content%3A%20%27%5Ce824%27%3B%0A%7D%0A%23rev_slider_2_1_wrapper%20.custom.tparrows.tp-rightarrow%3Abefore%20%7B%0A%09content%3A%20%27%5Ce825%27%3B%0A%7D%0A%0A%0A\");\n\t\t\t\t\tvar htmlDiv = document.getElementById('rs-plugin-settings-inline-css');\n\t\t\t\t\tif(htmlDiv) {\n\t\t\t\t\t\thtmlDiv.innerHTML = htmlDiv.innerHTML + htmlDivCss;\n\t\t\t\t\t}else{\n\t\t\t\t\t\tvar htmlDiv = document.createElement('div');\n\t\t\t\t\t\thtmlDiv.innerHTML = '<style>' + htmlDivCss + '<\/style>';\n\t\t\t\t\t\tdocument.getElementsByTagName('head')[0].appendChild(htmlDiv.childNodes[0]);\n\t\t\t\t\t}\n\t\t\t\t<\/script>\n\t\t\t\t<script>\n\t\t\t\t\tvar htmlDivCss = unescape(\"%0A%0A\");\n\t\t\t\t\tvar htmlDiv = document.getElementById('rs-plugin-settings-inline-css');\n\t\t\t\t\tif(htmlDiv) {\n\t\t\t\t\t\thtmlDiv.innerHTML = htmlDiv.innerHTML + htmlDivCss;\n\t\t\t\t\t}else{\n\t\t\t\t\t\tvar htmlDiv = document.createElement('div');\n\t\t\t\t\t\thtmlDiv.innerHTML = '<style>' + htmlDivCss + '<\/style>';\n\t\t\t\t\t\tdocument.getElementsByTagName('head')[0].appendChild(htmlDiv.childNodes[0]);\n\t\t\t\t\t}\n\t\t\t\t<\/script>\n\t\t\t<\/rs-module-wrap>\n\t\t\t<!-- END REVOLUTION SLIDER -->\n[\/vc_column][\/vc_row][vc_row css=\u00bb.vc_custom_1609225377250{margin-top: -70px !important;margin-bottom: 15px !important;padding-right: 50px !important;padding-left: 50px !important;}\u00bb el_class=\u00bbbotones\u00bb][vc_column width=\u00bb1\/4&#8243;][vc_single_image img_size=\u00bblarge\u00bb alignment=\u00bbcenter\u00bb css_animation=\u00bbboc_animate_when_almost_visible boc_top-to-bottom\u00bb image=\u00bb24051&#8243;]<div class=\"boc_spacing \" style=\"height: 20px\"><\/div>[\/vc_column][vc_column width=\u00bb1\/4&#8243;][vc_single_image img_size=\u00bblarge\u00bb alignment=\u00bbcenter\u00bb css_animation=\u00bbboc_animate_when_almost_visible boc_top-to-bottom\u00bb image=\u00bb24049&#8243;]<div class=\"boc_spacing \" style=\"height: 20px\"><\/div>[\/vc_column][vc_column width=\u00bb1\/4&#8243;][vc_single_image img_size=\u00bblarge\u00bb alignment=\u00bbcenter\u00bb style=\u00bbvc_box_shadow\u00bb css_animation=\u00bbboc_animate_when_almost_visible boc_top-to-bottom\u00bb image=\u00bb24047&#8243;]<div class=\"boc_spacing \" style=\"height: 20px\"><\/div>[\/vc_column][vc_column width=\u00bb1\/4&#8243;][vc_single_image img_size=\u00bblarge\u00bb alignment=\u00bbcenter\u00bb style=\u00bbvc_box_shadow\u00bb onclick=\u00bbcustom_link\u00bb img_link_target=\u00bb_blank\u00bb css_animation=\u00bbboc_animate_when_almost_visible boc_top-to-bottom\u00bb image=\u00bb24058&#8243; link=\u00bbhttps:\/\/www.igeoapp.com\/ssoPortalCliente\/login\u00bb]<div class=\"boc_spacing \" style=\"height: 20px\"><\/div>[\/vc_column][\/vc_row][vc_row][vc_column]<div class=\"boc_spacing \" style=\"height: 10px\"><\/div>[\/vc_column][\/vc_row][vc_row bg_type=\u00bbimage\u00bb bg_image_new=\u00bb23778&#8243; bg_image_repeat=\u00bbno-repeat\u00bb parallax_content=\u00bboff\u00bb fadeout_row=\u00bboff\u00bb enable_overlay=\u00bbenable_overlay_value\u00bb overlay_color=\u00bb#000000&#8243; overlay_pattern=\u00bb01.png\u00bb css=\u00bb.vc_custom_1609261663455{padding-top: 55px !important;padding-bottom: 55px !important;}\u00bb][vc_column]<h2 class=\"boc_heading  al_left  boc_animate_when_almost_visible boc_left-to-right\"  style=\"margin-bottom: 20px;margin-top: 0px;color: #ffffff;font-size: 45px;\"><span>\u00daNETE A NUESTRA COMUNIDAD<\/span><\/h2><h4 class=\"boc_heading  al_left  boc_subheading \"  style=\"margin-bottom: 20px;margin-top: 0px;color: #ffffff;\"><span>Siguenos y obt\u00e9n promociones y novedades.<\/span><\/h4>[\/vc_column][\/vc_row][vc_row gap=\u00bb35&#8243;][vc_column width=\u00bb2\/3&#8243;]<h2 class=\"boc_heading  center  \"  style=\"margin-bottom: 0px;margin-top: 24px;color: #333333;font-size: 50px;\"><span>\u00bfPor qu\u00e9 escoger <strong class=\"text_rotate\">SERVICPLAG?<\/strong><\/span><\/h2><div class=\"boc_divider_holder\"><div class=\"boc_divider  \"  style=\"margin-top: 24px;margin-bottom: 24px;width: 100px;height: 2px;background: #f4f4f4;\"><\/div><\/div>[vc_column_text]<\/p>\n<h3 class=\"uk-h4 uk-margin-small uk-width-xlarge uk-margin-auto uk-text-center uk-scrollspy-inview uk-animation-fade\" style=\"text-align: center;\">Somos especialistas en el control y eliminaci\u00f3n eficaz de plagas sin impactar el medio ambiente.<\/h3>\n<h2 style=\"text-align: center;\"><em><b>Garant\u00eda de calidad, los mejores precios del mercado, experiencia, formaci\u00f3n t\u00e9cnica cualificada<\/b><\/em><\/h2>\n<p>[\/vc_column_text][\/vc_column][vc_column width=\u00bb1\/3&#8243;]<div class=\"boc_spacing \" style=\"height: 100px\"><\/div><a\thref=\"https:\/\/servicplag.com.ec\/web\/contactanos\" \n\t\t\t\tclass=\"button btn_large btn_theme_color btn_squared btn_normal_style icon_pos_before   \"  target='_self'> <i class='icon icon-mail2'><\/i> <span>Cont\u00e1ctanos<\/span><\/a>[\/vc_column][\/vc_row][vc_row][vc_column]<div class=\"boc_spacing \" style=\"height: 40px\"><\/div>[\/vc_column][\/vc_row][vc_row full_width=\u00bbstretch_row_content_no_spaces\u00bb icon_type=\u00bbno_icon\u00bb icon_size=\u00bb32&#8243; icon_style=\u00bbnone\u00bb icon_color_border=\u00bb#333333&#8243; icon_border_size=\u00bb1&#8243; icon_border_radius=\u00bb500&#8243; icon_border_spacing=\u00bb50&#8243; img_width=\u00bb48&#8243; el_class=\u00bbno_text_transform\u00bb][vc_column width=\u00bb1\/2&#8243; css=\u00bb.vc_custom_1609262382463{padding-top: 70px !important;padding-right: 100px !important;padding-bottom: 70px !important;padding-left: 100px !important;background-image: url(https:\/\/servicplag.com.ec\/web\/wp-content\/uploads\/2020\/12\/servicplag.jpg?id=23793) !important;background-position: center !important;background-repeat: no-repeat !important;background-size: cover !important;}\u00bb offset=\u00bbvc_hidden-md vc_hidden-sm vc_hidden-xs\u00bb el_class=\u00bbequal_height_column\u00bb][\/vc_column][vc_column css=\u00bb.vc_custom_1428487726129{padding-top: 100px !important;padding-right: 130px !important;padding-bottom: 100px !important;padding-left: 130px !important;background-color: #253030 !important;}\u00bb el_class=\u00bbequal_height_column no_side_padding_in_responsive_column white_text center\u00bb offset=\u00bbvc_col-lg-6 vc_col-md-12 vc_col-xs-12&#8243;]<h2 class=\"boc_heading  center  \"  style=\"margin-bottom: 20px;margin-top: 0px;color: #ffffff;font-size: 32px;\"><span>Servicio de Control <strong>de Plagas<\/strong><\/span><\/h2><div class=\"boc_divider_holder\"><div class=\"boc_divider  \"  style=\"margin-top: 20px;margin-bottom: 20px;width: 100px;margin-left: auto; margin-right: auto;height: 1px;background: rgba(255,255,255,0.17);\"><\/div><\/div>[vc_column_text]<\/p>\n<p class=\"uk-h4 uk-margin-small uk-width-xlarge uk-margin-auto uk-text-center\" style=\"text-align: center;\"><strong>Eliminamos todo tipo de plaga de forma inmediata y definitiva sin olor, sin molestia y sin tener que salir de casa u oficina.<\/strong><\/p>\n<p>[\/vc_column_text]<div class=\"boc_spacing \" style=\"height: 20px\"><\/div><h2 class=\"boc_heading  center  \"  style=\"margin-bottom: 20px;margin-top: 0px;color: #ffffff;font-size: 32px;\"><span><strong>Ll\u00e1manos ahora para atenci\u00f3n inmediata:<\/strong><\/span><\/h2>[vc_column_text]<\/p>\n<h2 class=\"uk-h2 uk-margin uk-margin-remove-top uk-text-center\" style=\"text-align: center;\"><b>096 94 54 521<\/b><\/h2>\n<p>[\/vc_column_text][\/vc_column][\/vc_row][vc_row][vc_column]<div class=\"boc_spacing \" style=\"height: 70px\"><\/div>[\/vc_column][\/vc_row][vc_row full_width=\u00bbstretch_row\u00bb enable_overlay=\u00bboff\u00bb el_class=\u00bbwhite_text\u00bb css=\u00bb.vc_custom_1609263345823{margin-bottom: 0px !important;padding-top: 24px !important;padding-bottom: 20px !important;background-color: #0a7204 !important;}\u00bb][vc_column]<div class=\"text_box  box_no_bgr boc_animate_when_almost_visible boc_left-to-right\"><div class=\"text_box_content with_button\"><h2>NUESTROS PRODUCTOS CUENTAN CON SELLOS DE APROBACION Y CALIDAD<\/h2>\r\n\t\t\t\t\t<p><\/p>\r\n\t\t\t\t<\/div><div class=\"btn_holder\"><a\thref=\"https:\/\/servicplag.com.ec\/web\/contactanos\" \r\n\t\t\t\t\tclass=\"button  btn_medium_stretched btn_white btn_circled btn_outline icon_pos_after \"  target='_self'><span>Cont\u00e1ctanos<\/span> <i class='icon icon icon-angle-right2'><\/i> <\/a><\/div><\/div>[\/vc_column][\/vc_row]<\/p>\n","protected":false},"excerpt":{"rendered":"<p>[vc_row full_width=\u00bbstretch_row_content_no_spaces\u00bb][vc_column][\/vc_column][\/vc_row][vc_row css=\u00bb.vc_custom_1609225377250{margin-top: -70px !important;margin-bottom: 15px !important;padding-right: 50px !important;padding-left: 50px !important;}\u00bb el_class=\u00bbbotones\u00bb][vc_column width=\u00bb1\/4&#8243;][vc_single_image img_size=\u00bblarge\u00bb alignment=\u00bbcenter\u00bb css_animation=\u00bbboc_animate_when_almost_visible boc_top-to-bottom\u00bb image=\u00bb24051&#8243;][\/vc_column][vc_column width=\u00bb1\/4&#8243;][vc_single_image img_size=\u00bblarge\u00bb alignment=\u00bbcenter\u00bb css_animation=\u00bbboc_animate_when_almost_visible boc_top-to-bottom\u00bb image=\u00bb24049&#8243;][\/vc_column][vc_column width=\u00bb1\/4&#8243;][vc_single_image img_size=\u00bblarge\u00bb alignment=\u00bbcenter\u00bb style=\u00bbvc_box_shadow\u00bb css_animation=\u00bbboc_animate_when_almost_visible boc_top-to-bottom\u00bb image=\u00bb24047&#8243;][\/vc_column][vc_column width=\u00bb1\/4&#8243;][vc_single_image img_size=\u00bblarge\u00bb alignment=\u00bbcenter\u00bb style=\u00bbvc_box_shadow\u00bb onclick=\u00bbcustom_link\u00bb img_link_target=\u00bb_blank\u00bb css_animation=\u00bbboc_animate_when_almost_visible boc_top-to-bottom\u00bb image=\u00bb24058&#8243; link=\u00bbhttps:\/\/www.igeoapp.com\/ssoPortalCliente\/login\u00bb][\/vc_column][\/vc_row][vc_row][vc_column][\/vc_column][\/vc_row][vc_row bg_type=\u00bbimage\u00bb bg_image_new=\u00bb23778&#8243; bg_image_repeat=\u00bbno-repeat\u00bb parallax_content=\u00bboff\u00bb fadeout_row=\u00bboff\u00bb enable_overlay=\u00bbenable_overlay_value\u00bb overlay_color=\u00bb#000000&#8243; overlay_pattern=\u00bb01.png\u00bb css=\u00bb.vc_custom_1609261663455{padding-top: 55px !important;padding-bottom: 55px !important;}\u00bb][vc_column][\/vc_column][\/vc_row][vc_row gap=\u00bb35&#8243;][vc_column width=\u00bb2\/3&#8243;][vc_column_text] Somos especialistas en el<\/p>\n<div class=\"h10\"><\/div>\n<p><a class=\"more-link1\" href=\"https:\/\/servicplag.com.ec\/web\/\">Read more<\/a><\/p>\n","protected":false},"author":1,"featured_media":0,"parent":0,"menu_order":0,"comment_status":"closed","ping_status":"closed","template":"","meta":{"_joinchat":[],"footnotes":""},"class_list":["post-23638","page","type-page","status-publish","hentry"],"_links":{"self":[{"href":"https:\/\/servicplag.com.ec\/web\/wp-json\/wp\/v2\/pages\/23638","targetHints":{"allow":["GET"]}}],"collection":[{"href":"https:\/\/servicplag.com.ec\/web\/wp-json\/wp\/v2\/pages"}],"about":[{"href":"https:\/\/servicplag.com.ec\/web\/wp-json\/wp\/v2\/types\/page"}],"author":[{"embeddable":true,"href":"https:\/\/servicplag.com.ec\/web\/wp-json\/wp\/v2\/users\/1"}],"replies":[{"embeddable":true,"href":"https:\/\/servicplag.com.ec\/web\/wp-json\/wp\/v2\/comments?post=23638"}],"version-history":[{"count":29,"href":"https:\/\/servicplag.com.ec\/web\/wp-json\/wp\/v2\/pages\/23638\/revisions"}],"predecessor-version":[{"id":24059,"href":"https:\/\/servicplag.com.ec\/web\/wp-json\/wp\/v2\/pages\/23638\/revisions\/24059"}],"wp:attachment":[{"href":"https:\/\/servicplag.com.ec\/web\/wp-json\/wp\/v2\/media?parent=23638"}],"curies":[{"name":"wp","href":"https:\/\/api.w.org\/{rel}","templated":true}]}}